ime factors of 2484898?
2, 13, 31, 3083
What are the prime factors of 343762337?
343762337
What are the prime factors of 448549549?
7, 19, 727, 4639
List the prime factors of 1449455862.
2, 3, 41, 193, 30529
List the prime factors of 137092320.
2, 3, 5, 95203
List the prime factors of 137015309.
79, 1734371
List the prime factors of 337237803.
3, 7, 1784327
List the prime factors of 2268179102.
2, 7, 162012793
What are the prime factors of 60324116?
2, 1579, 9551
List the prime factors of 384209087.
919, 418073
List the prime factors of 257016789.
3, 23, 1241627
List the prime factors of 2300579371.
2300579371
What are the prime factors of 24152751?
3, 7, 31, 83, 149
List the prime factors of 148897748.
2, 37224437
List the prime factors of 118274008.
2, 14784251
What are the prime factors of 284279138?
2, 11, 13, 993983
List the prime factors of 11796429.
3, 107, 36749
What are the prime factors of 64132692?
2, 3, 13, 37, 41, 271
List the prime factors of 46666486.
2, 1933, 12071
List the prime factors of 318458436.
2, 3, 419, 63337
What are the prime factors of 1572296973?
3, 13, 29, 67, 20749
What are the prime factors of 1024660316?
2, 59, 173, 25097
List the prime factors of 2095606986.
2, 3, 11, 2886511
List the prime factors of 7016888.
2, 877111
List the prime factors of 547847991.
3, 73, 463, 1801
What are the prime factors of 315486962?
2, 7, 22534783
List the prime factors of 3246490573.
22133, 146681
What are the prime factors of 983608570?
2, 5, 7, 23, 73, 8369
List the prime factors of 5852206407.
3, 2671, 730339
What are the prime factors of 1964077119?
3, 72743597
What are the prime factors of 26128496?
2, 19, 61, 1409
What are the prime factors of 385299002?
2, 11, 17513591
What are the prime factors of 53579332?
2, 2797, 4789
What are the prime factors of 3296002825?
5, 71, 1856903
What are the prime factors of 617534816?
2, 29, 665447
List the prime factors of 73747137.
3, 24582379
What are the prime factors of 1639109301?
3, 79, 6916073
What are the prime factors of 258632238?
2, 3, 197, 218809
List the prime factors of 37774986.
2, 3, 17, 59, 6277
List the prime factors of 5707096.
2, 601, 1187
List the prime factors of 148596606.
2, 3, 19, 23, 2099
What are the prime factors of 449620341?
3, 43, 163, 21383
List the prime factors of 1285115242.
2, 642557621
List the prime factors of 64323556.
2, 11, 53, 27583
List the prime factors of 195599668.
2, 11, 4445447
List the prime factors of 46661752.
2, 5832719
What are the prime factors of 7254253278?
2, 3, 403014071
List the prime factors of 663775226.
2, 331887613
List the prime factors of 64522076.
2, 16130519
List the prime factors of 4229265288.
2, 3, 4157, 42391
List the prime factors of 323578397.
43, 547, 13757
What are the prime factors of 180390336?
2, 3, 7, 134219
What are the prime factors of 572570872?
2, 53, 1350403
What are the prime factors of 1016815400?
2, 5, 19, 29, 9227
What are the prime factors of 530905500?
2, 3, 5, 117979
List the prime factors of 685882307.
11, 62352937
What are the prime factors of 1645037470?
2, 5, 17, 29, 333679
What are the prime factors of 1788386444?
2, 13, 107, 293, 1097
What are the prime factors of 451762385?
5, 90352477
What are the prime factors of 168409624?
2, 21051203
List the prime factors of 115202803.
115202803
List the prime factors of 4367892392.
2, 53, 199, 51767
What are the prime factors of 331284379?
331284379
What are the prime factors of 869135649?
3, 289711883
What are the prime factors of 1276803091?
1276803091
List the prime factors of 35440644.
2, 3, 71, 41597
List the prime factors of 204925205.
5, 40985041
What are the prime factors of 3812638?
2, 43, 1031
What are the prime factors of 30978379?
19, 1630441
What are the prime factors of 39781696?
2, 173, 3593
List the prime factors of 211683868.
2, 11, 307, 15671
What are the prime factors of 147386361?
3, 859, 57193
List the prime factors of 1306034763.
3, 11, 39576811
What are the prime factors of 61953347?
1451, 42697
List the prime factors of 190472167.
11197, 17011
List the prime factors of 628718764.
2, 41, 3833651
What are the prime factors of 2737252788?
2, 3, 113, 2018623
List the prime factors of 3578063753.
11, 113, 569, 5059
What are the prime factors of 2197498492?
2, 7, 233, 48119
List the prime factors of 306490328.
2, 29, 1321079
List the prime factors of 62904252.
2, 3, 5242021
What are the prime factors of 3723284228?
2, 4691, 198427
List the prime factors of 62903119.
347, 181277
List the prime factors of 122749577.
641, 191497
What are the prime factors of 187220642?
2, 7, 19, 703837
What are the prime factors of 2313063703?
14891, 155333
List the prime factors of 229110463.
229110463
List the prime factors of 110090776.
2, 17, 809491
What are the prime factors of 61081757?
11, 211, 26317
What are the prime factors of 254322129?
3, 167, 467, 1087
What are the prime factors of 19248809?
59, 326251
What are the prime factors of 11444975?
5, 457799
List the prime factors of 52316851.
52316851
What are the prime factors of 2686994404?
2, 671748601
What are the prime factors of 72521896?
2, 31, 292427
List the prime factors of 4961561.
11, 451051
What are the prime factors of 717000947?
13, 5443, 10133
List the prime factors of 3141974609.
131, 23984539
List the prime factors of 47255417.
11, 691, 6217
List the prime factors of 1791464006.
2, 16871, 53093
What are the prime factors of 120844630?
2, 5, 41, 241, 1223
List the prime factors of 1871808656.
2, 929, 125929
List the prime factors of 154570972.
2, 1319, 29297
List the prime factors of 111958054.
2, 13, 71, 60649
What are the prime factors of 229137121?
229137121
What are the prime factors of 1008822933?
3, 112091437
List the prime factors of 1794316810.
2, 5, 11, 13, 1254767
List the prime factors of 564375016.
2, 2309, 30553
List the prime factors of 449333312.
2, 349, 20117
What are the prime factors of 817744986?
2, 3, 45430277
What are the prime factors of 748184539?
26833, 27883
What are the prime factors of 62355148?
2, 151, 103237
What are the prime factors of 458592831?
3, 41, 139, 8941
List the prime factors of 524995431.
3, 174998477
What are the prime factors of 26540607?
3, 241, 36709
What are the prime factors of 297357453?
3, 859, 12821
List the prime factors of 170388850.
2, 5, 3407777
List the prime factors of 63933854.
2, 37, 157, 5503
What are the prime factors of 38217048?
2, 3, 31, 1657
What are the prime factors of 199084989?
3, 66361663
List the prime factors of 2362716144.
2, 3, 2857, 5743
What are the prime factors of 120850687?
120850687
What are the prime factors of 7511116759?
31, 242294089
What are the prime factors of 3010537285?
5, 7, 43, 733, 2729
List the prime factors of 192046649.
2069, 92821
List the prime factors of 189146348.
2, 47286587
What are the prime factors of 3861535679?
16487, 234217
List the prime factors of 1513507747.
1513507747
What are the prime factors of 633115?
5, 7, 18089
List the prime factors of 77688622.
2, 11, 29, 263, 463
What are the prime factors of 1446895523?
23, 62908501
List the prime factors of 32276694.
2, 3, 5379449
What are the prime factors of 126712221?
3, 23, 31, 59239
What are the prime factors of 880248585?
3, 5, 3319, 17681
What are the prime factors of 16858014?
2, 3, 37, 75937
List the prime factors of 9412273.
13, 724021
What are the prime factors of 978763209?
3, 137, 1151, 2069
What are the prime factors of 5937423217?
11, 539765747
List the prime factors of 91282461.
3, 30427487
What are the prime factors of 3879738836?
2, 61, 113, 223, 631
What are the prime factors of 225160351?
13, 17320027
List the prime factors of 79256319.
3, 73, 361901
What are the prime factors of 255051120?
2, 3, 5, 233, 4561
List the prime factors of 38383416.
2, 3, 17, 10453
What are the prime factors of 684728995?
5, 53, 101, 25583
What are the prime factors of 62621790?
2, 3, 5, 7, 11, 27109
List the prime factors of 388789214.
2, 11, 1129, 1423
List the prime factors of 52546037.
151, 347987
List the prime factors of 273044788.
2, 659, 103583
What are the prime factors of 242467047?
3, 103, 87187
List the prime factors of 146120261.
7, 20874323
What are the prime factors of 27576314?
2, 13788157
List the prime facto